{"id":69,"date":"2014-07-30T09:53:35","date_gmt":"2014-07-30T08:53:35","guid":{"rendered":"http:\/\/www.ecolelacanopee.fr\/?page_id=69"},"modified":"2024-04-10T14:42:12","modified_gmt":"2024-04-10T13:42:12","slug":"methodes","status":"publish","type":"page","link":"https:\/\/www.ecolelacanopee.fr\/?page_id=69","title":{"rendered":"M\u00e9thodes"},"content":{"rendered":"<p><span style=\"color: rgb(0, 0, 255);\">Notre enseignement est structur\u00e9 selon deux axes&nbsp;:<\/span><\/p>\n<p><span style=\"color: rgb(0, 0, 255);\">&#8211;&nbsp;<strong>Une p\u00e9dagogie interactive<\/strong>&nbsp;:<\/span><\/p>\n<p><span style=\"color: rgb(0, 0, 255);\">Les \u00e9l\u00e8ves de <em>La Canop\u00e9e<\/em> apprennent \u00e0 travailler en groupe, sans rivalit\u00e9, en s\u2019impliquant individuellement et en donnant le meilleur d\u2019eux-m\u00eames.<\/span><\/p>\n<p><span style=\"color: rgb(0, 0, 255);\">&#8211;&nbsp;<strong>Une p\u00e9dagogie diff\u00e9renci\u00e9e<\/strong>&nbsp;:<\/span><\/p>\n<p><span style=\"color: rgb(0, 0, 255);\">L\u2019\u00e9quipe enseignante de <em>La Canop\u00e9e <\/em>ne se limite pas \u00e0 une philosophie exclusive, elle utilise la m\u00e9thode la mieux adapt\u00e9e \u00e0 chaque situation, qu\u2019elle soit traditionnelle ou progressive, afin de s\u2019adapter au mieux \u00e0 tous ses \u00e9l\u00e8ves.<\/span><\/p>\n<p><span style=\"color: rgb(0, 0, 255);\">Notre m\u00e9thode d\u2019enseignement, est le fruit d\u2019une exp\u00e9rience initiale aupr\u00e8s d\u2019\u00e9l\u00e8ves en grandes difficult\u00e9s scolaire ou psychologique. Appliqu\u00e9e \u00e0 tous, elle permet d\u2019accompagner chacun afin qu\u2019il d\u00e9veloppe tout son potentiel et atteigne ses capacit\u00e9s maximum.<\/span><\/p>\n<p><span style=\"color: #ff00ff;\">Our teaching is structured along two lines:<\/span><\/p>\n<p><span style=\"color: #ff00ff;\">&#8211;&nbsp;&nbsp;<strong>An interactive approach<\/strong>:&nbsp;<\/span><\/p>\n<p><span style=\"color: #ff00ff;\">Students at <em>La Canop\u00e9e<\/em> learn to work collaboratively and productively. The will taking responsibility individually and giving the best of themselves.<\/span><\/p>\n<p><span style=\"color: #ff00ff;\">&#8211;&nbsp;&nbsp;<strong>A differentiated approach<\/strong>:<\/span><\/p>\n<p><span style=\"color: #ff00ff;\">Teaching staff at <em>La Canop\u00e9e <\/em>do not limit themselves to an exclusive philosophy. Whether it be traditional or progressive, a method is chosen to best suit the needs of the children and the concept that is being taught.<\/span><\/p>\n<p><span style=\"color: #ff00ff;\">Our teaching methods are based on:<\/span><\/p>\n<ul>\n<li><span style=\"color: #ff00ff;\">Initial experience of working with children with major academic or psychological issues<\/span><\/li>\n<li><span style=\"color: #ff00ff;\">The official French curriculum<\/span><\/li>\n<li><span style=\"color: #ff00ff;\">The official National curriculum used in England<\/span><\/li>\n<\/ul>\n<p><span style=\"color: #ff00ff;\">These approaches which, when adapted, are applicable to all allow us to work with each child so that they fulfil their potential and work to the best of their capacity.&nbsp;<\/span><\/p>\n<p><span style=\"color: #ff00ff;\">&nbsp;<\/span><\/p>\n","protected":false},"excerpt":{"rendered":"<p>Notre enseignement est structur\u00e9 selon deux axes&nbsp;: &#8211;&nbsp;Une p\u00e9dagogie interactive&nbsp;: Les \u00e9l\u00e8ves de La Canop\u00e9e apprennent \u00e0 travailler en groupe, sans rivalit\u00e9, en s\u2019impliquant individuellement et en donnant le meilleur d\u2019eux-m\u00eames. &#8211;&nbsp;Une p\u00e9dagogie diff\u00e9renci\u00e9e&nbsp;: L\u2019\u00e9quipe enseignante de La Canop\u00e9e ne se limite pas \u00e0 une philosophie exclusive, elle utilise la m\u00e9thode la mieux adapt\u00e9e \u00e0 [&hellip;]<\/p>\n","protected":false},"author":2,"featured_media":0,"parent":0,"menu_order":5,"comment_status":"closed","ping_status":"open","template":"page-templates\/full-width.php","meta":[],"_links":{"self":[{"href":"https:\/\/www.ecolelacanopee.fr\/index.php?rest_route=\/wp\/v2\/pages\/69"}],"collection":[{"href":"https:\/\/www.ecolelacanopee.fr\/index.php?rest_route=\/wp\/v2\/pages"}],"about":[{"href":"https:\/\/www.ecolelacanopee.fr\/index.php?rest_route=\/wp\/v2\/types\/page"}],"author":[{"embeddable":true,"href":"https:\/\/www.ecolelacanopee.fr\/index.php?rest_route=\/wp\/v2\/users\/2"}],"replies":[{"embeddable":true,"href":"https:\/\/www.ecolelacanopee.fr\/index.php?rest_route=%2Fwp%2Fv2%2Fcomments&post=69"}],"version-history":[{"count":1,"href":"https:\/\/www.ecolelacanopee.fr\/index.php?rest_route=\/wp\/v2\/pages\/69\/revisions"}],"predecessor-version":[{"id":1082,"href":"https:\/\/www.ecolelacanopee.fr\/index.php?rest_route=\/wp\/v2\/pages\/69\/revisions\/1082"}],"wp:attachment":[{"href":"https:\/\/www.ecolelacanopee.fr\/index.php?rest_route=%2Fwp%2Fv2%2Fmedia&parent=69"}],"curies":[{"name":"wp","href":"https:\/\/api.w.org\/{rel}","templated":true}]}}